{"id":64,"date":"2016-02-24T15:57:19","date_gmt":"2016-02-24T15:57:19","guid":{"rendered":"http:\/\/seyb-cleebronn.com\/?page_id=64"},"modified":"2023-02-21T16:46:19","modified_gmt":"2023-02-21T15:46:19","slug":"ihr-fahrplan-zum-neuem-bad","status":"publish","type":"page","link":"http:\/\/seyb-cleebronn.de\/?page_id=64","title":{"rendered":"Ihr Fahrplan zum neuem Bad"},"content":{"rendered":"<p><span style=\"font-size: large;\">Schritt f\u00fcr Schritt zu Ihrem neuen Bad:<\/span><\/p>\n<p><span style=\"font-size: large;\">1.\u00a0 SIE STEHEN\u00a0AN ERSTER STELLE<\/span><\/p>\n<p>Dieses Anliegen steht bei uns ganz oben, denn am Ende soll\u00a0IHR Traumbad entstehen, ganz nach\u00a0IHREN individuellen W\u00fcnschen und Vorstellungen.<\/p>\n<p><span style=\"font-size: large;\">2. AUFMASSTERMIN BEI IHNEN<\/span><\/p>\n<p style=\"text-align: left;\">Um Ihr altes Bad zu \u00fcberpr\u00fcfen und alle technischen Gegebenheiten abzukl\u00e4ren kommen wir zu <img loading=\"lazy\" decoding=\"async\" class=\"size-full wp-image-419 alignright\" src=\"http:\/\/seyb-cleebronn.com\/wp-content\/uploads\/2016\/08\/P1030877.jpg\" alt=\"P1030877\" width=\"300\" height=\"225\" \/>Ihnen nach Hause.\u00a0Dann k\u00f6nnen wir alle Fakten aufnehmen. So sind wir optimal vorbereitet, um\u00a0IHR neues Bad\u00a0zu planen. Anschlie\u00dfend planen wir IHR neues Bad nach Ihren Vorgaben und W\u00fcnschen, vergessen dabei\u00a0aber\u00a0nicht die technischen M\u00f6glichkeiten und unsere langj\u00e4hrige Erfahrungen im\u00a0Bereich Badplanung.<\/p>\n<p style=\"text-align: left;\">Bei der Planung arbeiten wir unter anderem mit dem Badplanungsprogramm von M3B.\u00a0Dadurch haben<img loading=\"lazy\" decoding=\"async\" class=\"wp-image-399 alignright\" src=\"http:\/\/seyb-cleebronn.com\/wp-content\/uploads\/2016\/08\/P1030850.jpg\" alt=\"P1030850\" width=\"300\" height=\"225\" \/> wir Zugriff auf viele Produkte und k\u00f6nnen diese direkt in der Planung ber\u00fccksichtigen. So sehen Sie bereits vor der Installation konkret, wie IHR neues Bad sp\u00e4ter aussehen wird.\u00a0Durch die 2D- und 3D-unterst\u00fctze Badplanung\u00a0k\u00f6nnen wir schon vor Beginn der eigentlichen Bauma\u00dfname nach konkreten und umsetzbaren L\u00f6sungsans\u00e4tzen suchen und diese schlie\u00dflich in die Wege leiten.\u00a0F\u00fcr die\u00a0Pr\u00e4sentation IHRES TRAUMBADES erstellen wir eine\u00a0handgezeichnete und colorierte Badplanungen.<\/p>\n<p><span style=\"font-size: large;\">3. BERATUNG,\u00a0BEMUSTERUNG, AUSWAHL\u00a0UND ANGEBOT<\/span><\/p>\n<p>Anschlie\u00dfend laden wir Sie\u00a0in unsere Badausstellung ein und pr\u00e4sentieren Ihnen Ihr zuk\u00fcnftiges Badezimmer.\u00a0Einzelprodukte werden je nach Wunsch angepasst oder ver\u00e4ndert.\u00a0Auf Basis der Badgestaltung und der grunds\u00e4tzlichen Bad-Aufteilung k\u00f6nnen wir dann gemeinsam mit Ihnen die Details genau festlegen:\u00a0Armaturen, Dusche, Badewanne, Waschtisch, etc.\u00a0 Auf dieser Grundlage erstellen wir ein individuelles Angebot.<\/p>\n<p>Wenn Ihnen unser Angebot zusagt k\u00f6nnen wir den Auftrag fixieren und\u00a0das weitere Vorgehen besprechen.<\/p>\n<p><span style=\"font-size: large;\">4. EINBAU<\/span><\/p>\n<p>Auf Wunsch planen und koordinieren wir\u00a0alle notwendigen Handwerker und sorgen mit einem\u00a0abgestimmten Bauzeitenplan f\u00fcr einen m\u00f6glichst effizienten Ablauf. Der gesamte Badumbau wird durch unser speziell geschultes Personal und durch von uns autorisierte Gewerkepartner fachgerecht und reibungslos umgesetzt.<\/p>\n<p><span style=\"font-size: large;\">5. \u00dcBERGABE<\/span><\/p>\n<p>Wir weisen Sie nach Fertigstellung in Ihr neues Bad ein, und \u00fcbergeben es Ihnen zusammen mit den Pflege- &amp; Garantieunterlagen.<\/p>\n<p>Wir w\u00fcnschen Ihnen viel Freude in Ihrem sch\u00f6nen neuen Bad<\/p>\n<p><span style=\"font-size: large;\">6. ZUM SCHLUSS NOCH EINE BEMERKUNG ZUM THEMA BUDGET<\/span><\/p>\n<p>Viele Kunden haben Angst, dass\u00a0eine Badmodernisierung\u00a0mit sehr hohen\u00a0Kosten verbunden\u00a0ist.\u00a0Welche W\u00fcnsche Sie haben und welches Budget zur Verf\u00fcgung steht,\u00a0geben Sie vor. Und wir tun alles, dieses in Ihrem Sinne einzuhalten. Auch ein Bad f\u00fcr 19.000 Euro kann so individuell\u00a0eingerichtet sein wie ein Bad f\u00fcr 32.000 Euro. Denn wir arbeiten mit kompetenten Fachh\u00e4ndlern zusammen, die f\u00fcr jeden Geschmack und Geldbeutel qualitativ hochwertige Produkte in\u00a0ihrem Sortiment f\u00fchren.<\/p>\n<p><a href=\"http:\/\/seyb-cleebronn.de\/?page_id=2\">Impressum<\/a><\/p>\n<p><a href=\"http:\/\/seyb-cleebronn.de\/\">Startseite<\/a><\/p>\n","protected":false},"excerpt":{"rendered":"<p>Schritt f\u00fcr Schritt zu Ihrem neuen Bad: 1.\u00a0 SIE STEHEN\u00a0AN ERSTER STELLE Dieses Anliegen steht bei uns ganz oben, denn am Ende soll\u00a0IHR Traumbad entstehen, ganz nach\u00a0IHREN individuellen W\u00fcnschen und&#8230; <a href=\"http:\/\/seyb-cleebronn.de\/?page_id=64\">Read more &raquo;<\/a><\/p>\n","protected":false},"author":1,"featured_media":0,"parent":14,"menu_order":2,"comment_status":"closed","ping_status":"closed","template":"page-templates\/full-width.php","meta":{"footnotes":""},"class_list":["post-64","page","type-page","status-publish","hentry"],"_links":{"self":[{"href":"http:\/\/seyb-cleebronn.de\/index.php?rest_route=\/wp\/v2\/pages\/64","targetHints":{"allow":["GET"]}}],"collection":[{"href":"http:\/\/seyb-cleebronn.de\/index.php?rest_route=\/wp\/v2\/pages"}],"about":[{"href":"http:\/\/seyb-cleebronn.de\/index.php?rest_route=\/wp\/v2\/types\/page"}],"author":[{"embeddable":true,"href":"http:\/\/seyb-cleebronn.de\/index.php?rest_route=\/wp\/v2\/users\/1"}],"replies":[{"embeddable":true,"href":"http:\/\/seyb-cleebronn.de\/index.php?rest_route=%2Fwp%2Fv2%2Fcomments&post=64"}],"version-history":[{"count":29,"href":"http:\/\/seyb-cleebronn.de\/index.php?rest_route=\/wp\/v2\/pages\/64\/revisions"}],"predecessor-version":[{"id":934,"href":"http:\/\/seyb-cleebronn.de\/index.php?rest_route=\/wp\/v2\/pages\/64\/revisions\/934"}],"up":[{"embeddable":true,"href":"http:\/\/seyb-cleebronn.de\/index.php?rest_route=\/wp\/v2\/pages\/14"}],"wp:attachment":[{"href":"http:\/\/seyb-cleebronn.de\/index.php?rest_route=%2Fwp%2Fv2%2Fmedia&parent=64"}],"curies":[{"name":"wp","href":"https:\/\/api.w.org\/{rel}","templated":true}]}}