{"id":52,"date":"2016-02-24T15:08:29","date_gmt":"2016-02-24T15:08:29","guid":{"rendered":"http:\/\/seyb-cleebronn.com\/?page_id=52"},"modified":"2023-02-21T16:45:31","modified_gmt":"2023-02-21T15:45:31","slug":"badsanierung","status":"publish","type":"page","link":"http:\/\/seyb-cleebronn.de\/?page_id=52","title":{"rendered":"Badsanierung"},"content":{"rendered":"<p><strong>B\u00e4der sind unsere Leidenschaft!<\/strong><\/p>\n<p>Seit \u00fcber 60 Jahren sind wir daf\u00fcr bekannt, dass wir uns mit viel Engagement\u00a0in diesem pers\u00f6nlichen Bereich ihres Zuhauses eingehend befassen.<\/p>\n<p>Trends kommen und gehen, doch das wichtigste ist, dass Sie Ihr Traumbad bekommen. Das Bad ist l\u00e4ngst zur Wohlf\u00fchl-Oase geworden. Wir machen Ihre W\u00fcnsche wahr. Wir bauen B\u00e4der in jeder Gr\u00f6\u00dfe und Form f\u00fcr Sie und gehen auf Ihre individuellen Ideen ein. Wir beraten Sie in Sachen Wellness und Komfort und unterbreiten Ihnen Ihr pers\u00f6nliches Angebot.<\/p>\n<p>Ein Raum\u00a0in dem\u00a0Sie sich wiederfinden, Ihre Ideen verwirklicht sehen und der Ihnen Tag f\u00fcr Tag aufs neue Freude bereitet, das ist unser Ziel &#8211; f\u00fcr das wir mit unserem motivierten Team Tag f\u00fcr Tag arbeiten.<\/p>\n<p>Auf den folgenden Seiten erfahren Sie mehr \u00fcber unsere Vorgehensweise. Klicken Sie sich einfach durch.<\/p>\n<p><a href=\"http:\/\/seyb-cleebronn.de\/?page_id=2\">Impressum<\/a><\/p>\n<p><a href=\"http:\/\/seyb-cleebronn.de\/\">Startseite<\/a><\/p>\n","protected":false},"excerpt":{"rendered":"<p>B\u00e4der sind unsere Leidenschaft! Seit \u00fcber 60 Jahren sind wir daf\u00fcr bekannt, dass wir uns mit viel Engagement\u00a0in diesem pers\u00f6nlichen Bereich ihres Zuhauses eingehend befassen. Trends kommen und gehen, doch&#8230; <a href=\"http:\/\/seyb-cleebronn.de\/?page_id=52\">Read more &raquo;<\/a><\/p>\n","protected":false},"author":1,"featured_media":0,"parent":14,"menu_order":0,"comment_status":"closed","ping_status":"closed","template":"page-templates\/full-width.php","meta":{"footnotes":""},"class_list":["post-52","page","type-page","status-publish","hentry"],"_links":{"self":[{"href":"http:\/\/seyb-cleebronn.de\/index.php?rest_route=\/wp\/v2\/pages\/52","targetHints":{"allow":["GET"]}}],"collection":[{"href":"http:\/\/seyb-cleebronn.de\/index.php?rest_route=\/wp\/v2\/pages"}],"about":[{"href":"http:\/\/seyb-cleebronn.de\/index.php?rest_route=\/wp\/v2\/types\/page"}],"author":[{"embeddable":true,"href":"http:\/\/seyb-cleebronn.de\/index.php?rest_route=\/wp\/v2\/users\/1"}],"replies":[{"embeddable":true,"href":"http:\/\/seyb-cleebronn.de\/index.php?rest_route=%2Fwp%2Fv2%2Fcomments&post=52"}],"version-history":[{"count":7,"href":"http:\/\/seyb-cleebronn.de\/index.php?rest_route=\/wp\/v2\/pages\/52\/revisions"}],"predecessor-version":[{"id":933,"href":"http:\/\/seyb-cleebronn.de\/index.php?rest_route=\/wp\/v2\/pages\/52\/revisions\/933"}],"up":[{"embeddable":true,"href":"http:\/\/seyb-cleebronn.de\/index.php?rest_route=\/wp\/v2\/pages\/14"}],"wp:attachment":[{"href":"http:\/\/seyb-cleebronn.de\/index.php?rest_route=%2Fwp%2Fv2%2Fmedia&parent=52"}],"curies":[{"name":"wp","href":"https:\/\/api.w.org\/{rel}","templated":true}]}}