{"id":127,"date":"2016-03-02T10:22:06","date_gmt":"2016-03-02T10:22:06","guid":{"rendered":"http:\/\/seyb-cleebronn.com\/?page_id=127"},"modified":"2023-02-21T16:44:24","modified_gmt":"2023-02-21T15:44:24","slug":"heizungswartung","status":"publish","type":"page","link":"http:\/\/seyb-cleebronn.de\/?page_id=127","title":{"rendered":"Heizungswartung"},"content":{"rendered":"<p>F\u00fcr einen optimalen Heizbetrieb ist die regelm\u00e4\u00dfige Wartung\u00a0eine unbedingte Voraussetzung.\u00a0Verschmutzte oder falsch eingestellte Anlagen verbrauchen mehr Energie als n\u00f6tig. Dies schadet der Umwelt und kostet dar\u00fcberhinaus Ihr Geld. Der Wartungsvertrag gibt Ihnen die Sicherheit, dass Ihre Heizung zuverl\u00e4ssig, sicher und sparsam arbeitet.<\/p>\n<p>Auch bei\u00a0St\u00f6rungen lassen wir Sie nicht allein.<\/p>\n<p>Wir informieren Sie gerne unverbindlich \u00fcber unsere attraktiven Wartungsvertr\u00e4ge.<\/p>\n<p><a href=\"http:\/\/seyb-cleebronn.de\/?page_id=2\">Impressum<\/a><\/p>\n<p><a href=\"http:\/\/seyb-cleebronn.de\/\">Startseite<\/a><\/p>\n","protected":false},"excerpt":{"rendered":"<p>F\u00fcr einen optimalen Heizbetrieb ist die regelm\u00e4\u00dfige Wartung\u00a0eine unbedingte Voraussetzung.\u00a0Verschmutzte oder falsch eingestellte Anlagen verbrauchen mehr Energie als n\u00f6tig. Dies schadet der Umwelt und kostet dar\u00fcberhinaus Ihr Geld. Der Wartungsvertrag&#8230; <a href=\"http:\/\/seyb-cleebronn.de\/?page_id=127\">Read more &raquo;<\/a><\/p>\n","protected":false},"author":1,"featured_media":0,"parent":56,"menu_order":1,"comment_status":"closed","ping_status":"closed","template":"page-templates\/full-width.php","meta":{"footnotes":""},"class_list":["post-127","page","type-page","status-publish","hentry"],"_links":{"self":[{"href":"http:\/\/seyb-cleebronn.de\/index.php?rest_route=\/wp\/v2\/pages\/127","targetHints":{"allow":["GET"]}}],"collection":[{"href":"http:\/\/seyb-cleebronn.de\/index.php?rest_route=\/wp\/v2\/pages"}],"about":[{"href":"http:\/\/seyb-cleebronn.de\/index.php?rest_route=\/wp\/v2\/types\/page"}],"author":[{"embeddable":true,"href":"http:\/\/seyb-cleebronn.de\/index.php?rest_route=\/wp\/v2\/users\/1"}],"replies":[{"embeddable":true,"href":"http:\/\/seyb-cleebronn.de\/index.php?rest_route=%2Fwp%2Fv2%2Fcomments&post=127"}],"version-history":[{"count":5,"href":"http:\/\/seyb-cleebronn.de\/index.php?rest_route=\/wp\/v2\/pages\/127\/revisions"}],"predecessor-version":[{"id":931,"href":"http:\/\/seyb-cleebronn.de\/index.php?rest_route=\/wp\/v2\/pages\/127\/revisions\/931"}],"up":[{"embeddable":true,"href":"http:\/\/seyb-cleebronn.de\/index.php?rest_route=\/wp\/v2\/pages\/56"}],"wp:attachment":[{"href":"http:\/\/seyb-cleebronn.de\/index.php?rest_route=%2Fwp%2Fv2%2Fmedia&parent=127"}],"curies":[{"name":"wp","href":"https:\/\/api.w.org\/{rel}","templated":true}]}}